. Let y(n) = n**3 + 6*n**2 - 8*n - 10. Let v be y(-7). Let j be (v/3)/(-1)*0. What is s(j)?
7
Let p(x) be the second derivative of x**5/20 - x**4/12 + 5*x**2/2 - 40*x. Calculate p(0).
5
Let n(i) = -i**3 - i + 2. Let y(f) = -f**3 + f**2 + 1. Let g(p) = n(p) - 2*y(p). Calculate g(3).
6
Let y(v) = 7*v - 1. Let x(u) = 4*u - 1. Let i(j) = 5*x(j) - 3*y(j). Calculate i(-2).
0
Let d(t) be the second derivative of -t**4/12 + t**3/6 - 3*t**2 - 7*t. Give d(0).
-6
Let b(s) be the first derivative of s**4/4 + s**3 - 5*s**2/2 - s + 1. Let d be (6/(-4))/((-7)/14). Suppose 18 = -d*x - 2*g, 5*x - g = 3*g - 8. Calculate b(x).
3
Suppose 0 = 4*y + 3*w - 28, -y - 4*w + 16 = -4. Suppose 5 = -y*g - 4*c - 3, -5*g - c = 18. Let o(r) = r + 5. What is o(g)?
1
Let t(m) = -5*m - m + 5*m - 6. Let n be t(-6). Let h(s) = s - 5. Determine h(n).
-5
Let u(k) = 3*k - 3. Let i = -2 - -6. Suppose 1 + 1 = b. Suppose 3*q - i = b. What is u(q)?
3
Let a(h) be the third derivative of h**5/60 - h**4/8 - h**3/3 + 2*h**2. Determine a(5).
8
Let i(o) = -o**2 + 2*o + 5. Let k = 87 - 83. What is i(k)?
-3
Let m = -8 - -7. Let v be (-60)/(-12) - m/1. Let w(l) be the second derivative of -l**4/12 + 5*l**3/6 + 3*l**2 + l. Determine w(v).
0
Let z(l) = 16*l - 3. Let o(j) = 16*j - 2. Let r(x) = 4*o(x) - 3*z(x). Let s(g) = 2*g. Let h(p) = -2*r(p) + 18*s(p). What is h(2)?
6
Suppose -4*r - 2*r - 18 = 0. Let j(k) = 4*k + 3. Calculate j(r).
-9
Let g(f) = 0*f**3 - 4*f**2 + f**3 + 4*f - 1 - f. Suppose -3*a + 4*m = -28, 2*a - 5*m = a + 24. Calculate g(a).
11
Let s(h) = -2*h**3 - 6*h**3 + 6*h + 7*h**3 - 5 - 6*h**2. Suppose 0 = -4*f + 3 - 31. Let m be s(f). Let t(g) = 3*g - 3. Give t(m).
3
Let o be (-6)/9 + (-40)/(-6). Let s(c) = c**3 - 6*c**2 - c. Give s(o).
-6
Let f(w) = -w**3 + 5*w**2 + 6*w - 5. Let k be 33/6 - (-1)/2. Give f(k).
-5
Let h(s) = -s**3 + 6*s**2 - s - 2. Let z(x) = x**2 - 7*x + 12. Let g be z(6). Calculate h(g).
-8
Let b(j) be the first derivative of -j**4/4 + 5*j**3/3 + 7*j**2/2 + 2*j + 8. Calculate b(6).
8
Let d(f) = f**2 + 6*f. Suppose 0*a - 4*a + 40 = 0. Let y be (-55)/a - (-1)/(-2). Let r be d(y). Let j(p) = -p**3 + p + 7. Determine j(r).
7
Let i(f) = -f**3 - 2*f**2 - 2*f - 1. Let t be i(-2). Let n = t - 3. Suppose -4*u + n*u + 4 = 0. Let l(v) = 5*v. Calculate l(u).
5
Let y be 6 - (2 + 8/(-2)). Let o(z) = -z - 9. Let q be o(y). Let m(r) = -3*r + 9. Let n(w) = w - 3. Let v(s) = q*n(s) - 6*m(s). What is v(-4)?
-7
Let b(p) = -p + 1. Let u(k) = 4*k - 5. Let i(g) = -3*b(g) - u(g). Let t be i(0). Suppose -m = -5*w + 20, t*m + 3*m - 20 = -5*w. Let x(s) = s - 5. What is x(m)?
-5
Let k(j) be the first derivative of 2/3*j**3 + 1 + 0*j - 1/2*j**2. Let p be (-6 + 4 - -1)/1. Determine k(p).
3
Let f(y) = 0 - 3*y + 7*y + y**2 - 2*y**2 + 2. What is f(6)?
-10
Suppose -9*t + 51 = -6*t. Let s(z) = -z**2 - 5*z + 1. Let i be s(-4). Suppose -i*g + 25 = d, 4*g - t = g - d. Let u(m) = m - 4. Determine u(g).
0
Let s = -2 - -2. Let t(y) = 5*y**2 + 3*y - 5. Let x(h) = 6*h**2 + 4*h - 5. Let d(i) = -5*t(i) + 4*x(i). What is d(s)?
5
Let m(w) = -2*w + 3. Let v be 4/(-8) + 31/2. Suppose -v = 4*j - 9*j. Suppose j*l = -l + 16. Determine m(l).
-5
Let u(k) be the third derivative of 0 - 1/24*k**4 + 0*k - 4*k**2 + 1/40*k**6 + 1/60*k**5 + 0*k**3. Give u(1).
3
Let i(k) = 4*k**2 + 2*k + 1 - k**2 - 2*k**2. Suppose 3*h - u - 1 = 0, -h + 0*h = -3*u - 3. Suppose -3*c + 4 + h = m, m + c = 0. What is i(m)?
1
Let i(h) = 2*h**2 - 8*h + 4. Suppose 6*r - 23 - 7 = 0. Give i(r).
14
Let a(z) = -z - 1. Suppose -3*v + 8 = -7. Suppose v*m - 10 = 0, 3*u + 2*m = -2*m + 11. Give a(u).
-2
Suppose 0 = -q + 6 - 3. Suppose -h + q - 7 = 0. Let g(t) = t**3 + 4*t**2 - 2*t + 1. Give g(h).
9
Let y(q) = q**3 - q + 2 - 3*q**3 + 3*q**2 + 1 - 2*q. Give y(2).
-7
Suppose 4*i - 20 = -i. Suppose -v - 2 = i. Let b(p) = -3*p - 32. Let z(s) = -s - 11. Let o(w) = -3*b(w) + 8*z(w). Determine o(v).
2
Let s(i) = 3*i + 2. Suppose n + 5 = 2. What is s(n)?
-7
Let l(m) be the first derivative of -m**3/3 - m**2 - m + 16. What is l(-4)?
-9
Let a be -10*((-1)/(-2) - 0). Let z(y) be the second derivative of y**4/12 + y**3/2 - 2*y. What is z(a)?
10
Let j(h) = -h**3 - 3*h**2 - 3*h - 1. Let l be j(-3). Let n be (l - 9)/((-1)/(-4)). Let s = n - -9. Let i(a) = -3*a + 6. Calculate i(s).
-9
Let d = 153 - 160. Let a(x) = x**2 + 6*x + 4. Calculate a(d).
11
Let g(b) = -2*b**2 + 3*b. Suppose 1 = -3*j + 4*i + 19, -5*i - 17 = -j. Determine g(j).
-2
Let z(t) be the third derivative of -3*t**4/8 - t**3/6 - 7*t**2. Calculate z(1).
-10
Let o(p) = -2*p + 14 - 14. Let d be o(1). Let m(b) = 5*b**3 - b**2 + 7*b - 5. Let r(w) = 6*w**3 - w**2 + 8*w - 6. Let k(c) = -7*m(c) + 6*r(c). What is k(d)?
-3
Suppose -3*h + 1 + 2 = -p, h = 0. Let k(m) = -m**3 - 2*m**2 + m - 3. Calculate k(p).
3
Let i(k) = -3*k**2 + 2*k + 3. Let h(r) = -r**2 + r + 1. Let q(f) = -8*h(f) + 3*i(f). Let c(w) be the first derivative of q(w). Suppose 3*s + 2 = 2*s. Give c(s).
2
Let z(g) = g**2 - 3*g - 5. Let n be z(5). Suppose 26 + 4 = n*s. Let h be (-7)/3 - s/9. Let b(t) = -2*t. What is b(h)?
6
Suppose -3*z = -5*z + 2*q + 12, 0 = -z + 2*q + 10. Let u(y) be the first derivative of -y**3 - z - 1/4*y**4 + 3/2*y**2 + 3*y. What is u(-4)?
7
Suppose 60*d - 15 = 63*d. Let f(z) = 3*z + 1. Suppose -2 = -r - 0*r. Let l(q) = q. Let t(k) = r*f(k) - 7*l(k). Determine t(d).
7
Let x(z) be the first derivative of z**2 + 5*z - 14. Let f(w) = -w - 1. Let k be f(3). Determine x(k).
-3
Let o(m) = -m**3 - 10*m**2 - 10*m - 13. Let d(s) = 2*s - 3. Let q be d(-3). Give o(q).
-4
Let k(u) = -3*u + u**2 + 0*u**2 + 8*u. Suppose -5*m - 3*y - 42 = 0, -5*m + 5*y - 9 = 1. Calculate k(m).
6
Let k(j) = 4*j**3 - 18*j**2 - 19*j + 4. Let g(h) = -h**3 + 6*h**2 + 6*h - 1. Let o(r) = -7*g(r) - 2*k(r). Let w(u) = -2*u + 3. Let b be w(4). Give o(b).
-6
Let f(l) be the second derivative of -l**4/8 + 2*l**3/3 - l**2/2 + 2*l. Let o(g) be the first derivative of f(g). Determine o(4).
-8
Let m(f) = -f**2 + f + 3. Let d = 75 + -70. Give m(d).
-17
Let z(a) = 2*a**2 - 3*a - 3. Let h(s) = s**2 - s - 2. Suppose -8*w - 25 = -3*w. Let k(c) = w*h(c) + 2*z(c). What is k(-3)?
-2
Let g(a) be the second derivative of a**4/24 - a**3/3 + a**2 - 2*a. Let v(s) be the first derivative of g(s). Let h = -12 + 7. Give v(h).
-7
Suppose -b - 1 = -4. Let u(v) be the second derivative of -v**3/3 - v**2/2 - 4*v. What is u(b)?
-7
Let l(a) be the first derivative of -a**4/4 - a**3 + 2*a**2 + 6*a - 6. Let v(s) = -s**3 + 4*s**2 - s - 3. Let t be v(3). Suppose 20 = t*n - 8*n. Calculate l(n).
6
Suppose 0 = -3*k - 3 + 9. Let m(a) = -2*a**2 - a + 2. Give m(k).
-8
Let d(x) be the second derivative of -x**5/20 - x**3/6 + x**2 - 65*x. What is d(2)?
-8
Suppose -3*r - 2 = -r. Let q(n) = -n**2 - 9*n - 5. Let h be q(-8). Let f(j) = -h*j - 7*j + j + 3*j. What is f(r)?
6
Let i be (-148)/(-20) - 4/10. Let a(q) = 2*q - 11. Let h be a(8). Suppose -h*k - 5*w + i = -2*w, w = 4. Let f(d) = -4*d**3 - d**2 - d - 1. What is f(k)?
3
Let o(a) be the second derivative of -a**3 - 34*a. Suppose m - 1 + 2 = 0. Determine o(m).
6
Let x(l) be the second derivative of -l**5/20 + l**4/6 + l**3/2 + 3*l**2/2 + 4*l - 5. What is x(3)?
3
Suppose -8*c - 47 = -31. Let r(z) = -18*z - 3. Give r(c).
33
Let a(o) = o - 2*o + 4 - 1 + 4. Give a(0).
7
Let n(t) = -2*t - 2. Let u be n(2). Let f = -4 - u. Let v(p) = p + p**2 - 2 + 0 - f*p**2. Give v(-2).
-8
Let i(f) = -f**3 + 4*f**2 - f + 3. Let x = -11 + 19. Let s be x/(-5)*25/(-10). Determine i(s).
-1
Let n(j) = j**3 + 7*j**2 + 6*j + 3. Let h(t) = 2*t**3 + 8*t**2 + 6*t + 4. Let b(s) = 2*h(s) - 3*n(s). Calculate b(6).
-1
Let t be (-6)/(-15) + 54/15. Suppose -2*r + t = 2*x, -x + 7 + 4 = -2*r. Let k(i) = x - 2*i**2 - 2*i**2 - 3*i**2 + i**3 + 6*i. Calculate k(6).
5
Let v = -17 + 24. Let i(h) = h + 2 + v + 2 - 5. Calculate i(0).
6
Let o(z) = 3*z - 12. Let l be o(5). Suppose l = -3*g - 0*g. Let d(f) = 8*f. Calculate d(g).
-8
Let b(r) = -r. Let s(j) = -8*j + 2. Let k(w) = -6*b(w) + s(w). What is k(4)?
-6
Suppose 0 = -3*k + 6*k - 21. Suppose l - k = h, -2*h = -5*h - l - 13. Let i(t) = -t**3 - 5*t**2 + 1. Determine i(h).
1
Let c(x) = -3*x + 12. Let y(g) = g + 5. Let n be y(3). Calculate c(n).
-12
Let g(c) = 2 - 4 + 3 - 4 + c. Calculate g(5).
2
Let x(c) = -c**3 - c**2 + 4*c + 3. Let q(l) = -l**3 + 3*l**2 + 7*l -